**3 + 2*b**2 + 80*b + 9. Let m be y(10). Let q(j) = -j**2 + 9*j - 10. Determine q(m).
-10
Let h(w) = -4*w + 6. Let p(z) = z**3 - 12*z**2 - 1. Let r be p(12). Let q be 1/r - (-105)/5. Suppose 4*b - 1 + 5 = -y, 3*y - 4*b = q. Calculate h(y).
-10
Let c(w) be the third derivative of w**4/24 - 3*w**3/2 - 2*w**2 + 108. What is c(0)?
-9
Let g(z) = -2*z + 3. Let w(t) = t - 5. Let b be w(-14). Let m = -14 - b. Suppose m*f - 35 = 5*u, 3*u + 1 = -f - f. What is g(f)?
-5
Let x(d) be the first derivative of d**2 + 3*d + 25. Suppose 3*z - 17 = -5. Suppose -30 = 2*u + 2*u + 2*g, -z*u + 2*g = 10. Give x(u).
-7
Let x be 1/(2/(-12)*2). Let j(q) = q**2 - 1. Let s(a) = a**2 - 5*a + 5. Let p be s(4). Let i(m) = -3*m**2 + m + 1. Let w(t) = p*i(t) + 5*j(t). Calculate w(x).
11
Let x(v) = 3*v - 20. Let f be (18 + -2)*3/6. Give x(f).
4
Let j(r) be the second derivative of -r**4/6 - 4*r**3/3 - r**2/2 - 29*r - 3. What is j(-6)?
-25
Let b(c) be the second derivative of c**3/6 - 2*c**2 - 8*c. Let i = 6 - 3. Suppose 4 = 3*g + 2*p, -g + i*g - 16 = 2*p. What is b(g)?
0
Let h(x) = -11*x**2 - 18*x + 27. Let i(p) = -4*p**2 - 6*p + 9. Let t(f) = -3*h(f) + 8*i(f). Let n be t(2). Let m(j) = -j**2 + 10*j - 7. Give m(n).
14
Let l(k) = -k**3 + k**2 + k + 2. Suppose 0 = -109*r + 106*r - 6. Give l(r).
12
Let g(m) be the third derivative of -m**4/6 - m**3/6 - 4*m**2. Let a(h) = 10*h + 2. Let n(q) = 5*a(q) + 12*g(q). Let c be n(2). Let z(i) = i + 1. What is z(c)?
3
Let o = 47 - 53. Let z(m) be the third derivative of m**6/120 + 7*m**5/60 + m**4/4 - m**3/2 + 6*m**2. Determine z(o).
-3
Suppose -2*n - 3*n + 40 = i, n - 3*i - 8 = 0. Let o(w) = -10 + 4*w + 20 - n - w**2. Let s be o(4). Let v(c) = 3*c - 3. What is v(s)?
3
Let r(z) be the first derivative of -z**2/2 - 18*z + 162. Give r(0).
-18
Let g(z) be the third derivative of 2/3*z**3 - 2*z**2 + 1/60*z**5 + 0 + 5*z - 5/24*z**4. What is g(6)?
10
Suppose -280*w + 8 = -276*w. Let x(l) = -8*l**2 + 2*l - 2. What is x(w)?
-30
Let q = -248 - -251. Let z(v) be the third derivative of 0*v - 7*v**2 + 1/60*v**5 + 0 - 1/12*v**4 + 1/3*v**q. Calculate z(2).
2
Let o = 0 - -2. Suppose 0 = o*r - 10*r - 24. Let u(i) = -2*i**2 - 5*i - 2. What is u(r)?
-5
Let l(c) = 0*c**2 - c + 2*c**3 + 0*c**2 - 5*c**3 + 2*c**2. Let w be l(1). Let m(t) = -t - 3. What is m(w)?
-1
Let b be 34/12 - (-5)/30. Suppose 2*y + b*s - 7 = y, -2*s - 14 = -4*y. Let x(t) = -2*t**2 + 3*t + 1. Determine x(y).
-19
Let z(n) = 8*n**2 - 35*n**2 + 4 + 5*n + 8*n**2 + 13*n**2 + 9*n**2. Give z(-3).
16
Let o(h) = 2*h**3 - h**2 - h. Let g(f) be the first derivative of f**2/2 - 4*f - 11. Let b be g(6). Calculate o(b).
10
Let c(a) = a - 11. Let z be -10*(-8 + (-296)/(-40)). What is c(z)?
-5
Let s be 3*(3 + (-24)/9). Suppose 20 = 5*o + 2*t, -5*t - 4 = -4*o - 21. Let d(u) = 0*u**2 - u**2 - 1 + 2 - 2*u + o*u**2. Give d(s).
0
Let x(o) = 4 - 1 - 1. Let g(d) = d + 1. Let i(p) = -2*g(p) + 3*x(p). Calculate i(-3).
10
Let q(w) = 5 - 26*w - 33*w - 28*w + 91*w. What is q(4)?
21
Let w = -22 - -33. Let b(g) = -g**2 + 0*g**2 + w*g - 5*g + 2*g**2 - 3. Determine b(-5).
-8
Let n(d) = -7*d**3 - 12*d**2 + 12*d + 20. Let m(p) = -19*p**3 - 36*p**2 + 35*p + 59. Let x(j) = -4*m(j) + 11*n(j). What is x(11)?
17
Let l(m) be the second derivative of m**2 + 0 + 7*m - 1/3*m**3. Calculate l(-2).
6
Let y(h) = 7*h + 79. Let t be y(-10). Let n(p) = -p**3 + 10*p**2 - 8*p - 6. Determine n(t).
3
Let g(b) be the second derivative of -b**7/2520 + b**6/144 - b**5/60 + 3*b**4/2 - 10*b. Let d(f) be the third derivative of g(f). Determine d(3).
4
Let g(d) = 2*d - 14. Let u be g(19). Let q be (-16)/(-12)*18/u. Let z(n) = -10*n + 1. Calculate z(q).
-9
Let l(r) = -4*r + 13. Let f(h) = -7. Let m(u) = u + 28. Let y(i) = 9*f(i) + 2*m(i). Let j(v) = 6*l(v) + 11*y(v). Suppose 0 = -10*o + 9*o - 2. Determine j(o).
5
Let d(w) = -7*w - 31. Let s(x) = 3*x + 15. Let p(q) = 2*d(q) + 5*s(q). Suppose j = 2, 17*n - 2*j + 16 = 15*n. Calculate p(n).
7
Let l(m) be the second derivative of m**3/6 - 3*m**2 - 2*m + 10. Determine l(-6).
-12
Let b(p) = p + 3. Let l(h) = h. Let x(u) = b(u) - 2*l(u). Let w(r) = -7*r + 3. Let j be w(1). Let k be (-1)/j - (-5)/(-20). Determine x(k).
3
Let v(q) = -q**2 - 13*q + 15. Suppose 2*l + 2*w - 1 + 39 = 0, -l + 4*w + 6 = 0. Give v(l).
1
Let o(k) = -k**2 + 6*k - 2. Let x be o(4). Let p be 16/x*9/6. Suppose 2 + p = -3*j. Let u(w) = 2*w**2 + 3*w + 1. Give u(j).
3
Suppose 8*f = 2*f. Suppose -a + 4*a - 2*l - 12 = f, -3*l = -3*a + 12. Let j(k) = k**3 - 3*k**2 - 4*k + 2. What is j(a)?
2
Let u(c) = c - c**2 - 1037 - 2*c + 1036. Give u(0).
-1
Let c = 174 + -171. Let u(r) = -r + 2. Give u(c).
-1
Let p be (24 - -6)/6 + 0. Let i(x) = -3. Let h(b) = 1. Let n(t) = 2*h(t) + i(t). Let w(c) = c + 8. Let d(y) = -6*n(y) - w(y). Calculate d(p).
-7
Let z(m) = m - 2. Let y(b) = b**2 - 1. Suppose -4*a = -o - 18, 0 = 5*o + 2*a - a + 6. Let v be y(o). Calculate z(v).
1
Let j(f) = 61 - 62 + 6*f - 4*f. Let l(p) = 3*p - 5. Let y(c) = -6*j(c) + l(c). Give y(1).
-8
Let j(u) = -4*u**2 - 4 - 4*u + 4*u**2 - u**2. Let b(o) = o**3 + 8*o**2 + 8*o + 1. Let h be b(-7). Let l be 1*(-3)/12*-2*h. Give j(l).
-1
Let n(y) be the third derivative of -y**4/4 - y**3/6 - y**2. Suppose 5*f - 22 = -5*h - 2, -3*h - 8 = -f. Determine n(h).
5
Let n be (-1 + 0)*7*-1. Suppose -4*l - 3 = -n. Let m(h) = -20*h - 16*h - 1 + 38*h - 5*h**2. Give m(l).
-4
Let b(f) be the first derivative of -f**6/120 - f**5/12 - f**4/6 - 5*f**3/6 - f**2/2 + 26. Let n(u) be the second derivative of b(u). Calculate n(-4).
-5
Let f(q) be the second derivative of q**5/20 - q**4/2 + q**3/6 - 3*q**2 - 2*q. Let c be ((-12)/48*4)/((-2)/12). Calculate f(c).
0
Let m(r) = 3*r**2 - 4*r + 2. Let f(d) = d + 9. Let q = 21 + -28. Let t be f(q). Suppose 0*b = -b + t. Give m(b).
6
Let m(i) = -14*i + 6. Let x(k) = -2*k + 1. Let d(j) = -m(j) + 8*x(j). What is d(-9)?
20
Let z(w) be the second derivative of 5*w**3/6 - w**2 + 15*w. Let g(s) = -s**2 - 1. Let j(f) = -g(f) - z(f). Suppose -3*k = k - 16. Determine j(k).
-1
Let q(y) = -4*y + 4. Let j(r) = r - 1. Let f(x) = 6*j(x) + 2*q(x). Give f(-3).
8
Let t(w) be the first derivative of -w**4/4 + 4*w**3/3 + 3*w**2/2 - w + 138. What is t(5)?
-11
Let h(k) = 53*k - 20. Let r(l) = -91*l + 39. Let n(s) = -5*h(s) - 3*r(s). What is n(2)?
-1
Suppose s + 4*y = -2*s - 7, 0 = 2*s + 5*y - 7. Let i(z) = z**2 + 11*z + 10. What is i(s)?
-8
Let i(o) = -3*o + 5 + 6*o - 7*o**2 - 2*o**3 + o**3. Determine i(-7).
-16
Let h(r) be the second derivative of -2*r**5/5 - r**2/2 - 25*r. What is h(1)?
-9
Let a(u) be the first derivative of -u**4/4 - 5*u**3/3 - 3*u**2/2 + 3*u - 932. Let d = 10 - 15. Determine a(d).
18
Let b(f) = -11*f**3 + 3*f + 7. Let n(k) = -31*k**3 - k**2 + 8*k + 21. Let x(i) = -17*b(i) + 6*n(i). What is x(6)?
-11
Let c = -225 - -226. Let l(s) = 7*s. Let w(t) = -8*t. Let q(n) = 6*l(n) + 4*w(n). Calculate q(c).
10
Suppose 4*t = -3*a - a + 16, -2*a = -2*t + 24. Let w = -8 + t. Let c(u) = 1 + u + 2 + w*u. Give c(0).
3
Let z(q) be the third derivative of 6*q**2 + 1/12*q**4 + 0 + 1/2*q**3 + 0*q. Determine z(-3).
-3
Let c be (-1)/(-1)*(-1 + 4). Let g = -409 - -411. Suppose 10 = -g*i + 3*o, -o + 4 = 3*i - c. Let v(x) = x**3 - x**2 + 1. What is v(i)?
1
Let k be (-440)/(-77) - 2/(-7). Suppose x - 7 = -k. Let g(a) = -3 - 2*a + a**3 - x + 3*a**2 - a - 4*a**2. Give g(3).
5
Let n = 20 - 13. Let v = n + -4. Let b(s) = 3 - v - 3 + s. What is b(5)?
2
Let m(o) = -o**3 + 5*o**2 - 4*o - 3. Suppose 3*n + 4*k + 3 - 20 = 0, 2*k = -n + 5. Suppose -3 = -2*a - n. Let t = 2 - a. Calculate m(t).
-3
Let y(c) = -11*c + 4. Suppose z = -6*h + 9*h - 11, 4*z = 4. Determine y(h).
-40
Let o(v) = v**2 + 4*v + 1183 - 2*v - 1190 + 3*v. Suppose -4*z - 1 - 19 = 0. Calculate o(z).
-7
Let i(d) = -d - 5. Suppose -2*a + a + 5 = 0. Suppose -a*m = -9*m - 20. Determine i(m).
0
Suppose -2*t - 2*t = 80. Let w be ((-17)/(-34))/((-2)/t). Let d(p) = -p**2 + 7*p - 7. What is d(w)?
3
Let m be 7/3 + (-2)/(-3). Let t(s) be the first derivative of 3 + 2*s + 3/2*s**2. Calculate t(m).
11
Let u(c) = 3*c**2. Let y be (1 - 2)*0/(-6). Suppose 3*m + 15 + 12 = y. Let o = m - -10. Determine u(o).
3
Let s(w) = w**2 - 5*w + 3. Let c(u) = 5*u - 84. Let a(y) = 30*y - 505. Let t(r) = -4*a(r) + 25*c(r). Let f be t(17). Calculate s(f).
3
Let t(r) = 51. Let i(z) = -